 - 9 = x. Let r be 6/x*1*(33 + -35). Suppose -168 = -r*c + 168. What is the tens digit of c?
1
Suppose -5*y + 4*f + 56678 = 0, -33955 = -3*y - 15*f + 10*f. What is the hundreds digit of y?
3
Suppose 204*k - 384671 = -43*k + 4720078. What is the tens digit of k?
6
Let q(r) = -3*r - 6. Let d be q(-3). Suppose d*y = 5*w - y - 1994, 2*w + y - 795 = 0. Suppose 4*u = 2*f + w, f + 179 = 2*u + 4*f. What is the tens digit of u?
9
Let q = 26232 - 10641. What is the tens digit of q?
9
Let m = -27 - -32. Suppose -32 = m*j + 4*l, j + 2*l = 5*l - 14. What is the tens digit of (-4)/6*177*12/j?
7
Let u = -420 + 419. What is the tens digit of 521/1 - (-1 + (-5)/u)?
1
Suppose -3473*z + 3467*z + 36534 = 0. What is the thousands digit of z?
6
Suppose 4*s = -9 - 31. What is the units digit of 2*1 - (-41 + (-7 - s))?
0
Let s(u) = u**3 + 11*u**2 - 7*u + 9. Let l be s(-12). What is the tens digit of l/(-2)*(-7 + 13)?
5
What is the tens digit of (2/((-76)/1767))/((-21)/12166)?
3
Let i = -17 + 16. Let v be i*(-4 + 2 + -1). Suppose -r - v*t = -0*r - 5, 13 = 2*r + 5*t. What is the units digit of r?
4
Suppose 3*q - 8 - 13 = h, 0 = -q + 5*h + 7. Suppose -3*d + 3*u = -867, d - q*u + 11*u = 299. What is the units digit of d?
1
Let x(r) be the third derivative of 29*r**8/20160 + r**6/360 - r**5/4 + 43*r**2. Let i(z) be the third derivative of x(z). What is the tens digit of i(-3)?
6
Let f(y) = 3*y**3 - 5*y**2 - 10*y + 9. Let p(q) = 2*q**3 - 21*q**2 - 9*q - 16. Let b be p(11). What is the tens digit of f(b)?
1
Let l = -6739 - -24627. What is the ten thousands digit of l?
1
What is the tens digit of ((-3)/6)/(11251/16878 - (-32)/(-48))?
3
Suppose -6*t - 17 = -3*s - 2*t, 2*s + 5*t = 19. Suppose 17 = 10*n + s. What is the tens digit of (-46 + n)*(-3 - (-52)/20)?
1
Let h be 10/(200/(-52))*-5. Suppose -4205 - 397 = -h*o. What is the hundreds digit of o?
3
Let z(m) = m - 8. Let x be z(13). Suppose -w + x*v - 35 = 32, -70 = w - 2*v. What is the tens digit of (w/20)/(6/(-100))?
6
Let p(a) be the first derivative of a**4/4 - 19*a**3/3 + 19*a**2/2 + 43*a - 2. Let o(d) = 4*d**2 + 3*d - 4. Let r be o(2). What is the tens digit of p(r)?
6
Let w(t) = -t**3 - 14*t**2 - 24*t - 4. Let g be w(-12). Let b(j) = 42*j**2 + 14*j + 69. What is the tens digit of b(g)?
8
Let r(x) be the first derivative of -x**4/4 - 14*x**3/3 + 31*x**2/2 + 6*x + 106. What is the tens digit of r(-16)?
2
Let u(f) = 0*f**2 + 2*f**2 + f**3 - 7*f**2 + 0*f**2 + 5*f - 4. Let a be u(4). Suppose 4*r - 47 - 425 = a. What is the hundreds digit of r?
1
Let d = -34217 - -62713. What is the thousands digit of d?
8
Let f(x) be the first derivative of x**4/4 - 2*x**3 + x**2/2 + 15*x - 20. Let i be f(5). Let n(j) = -j**3 - 4*j**2 - 7*j - 6. What is the units digit of n(i)?
4
Suppose 4*g - 7*g - 14342 = -5*r, -5*g = 20. Suppose 5*n = 5*t - 8450, 0 = 3*t + n - 7952 + r. What is the hundreds digit of t?
6
Let a = 46 - 23. Suppose 12*m - a*m = -605. What is the tens digit of m?
5
Let n(i) be the first derivative of 6*i**3 - i**2 - 4*i - 14. Let m(y) = -y + 1. Let r(x) = 4*m(x) + n(x). What is the units digit of r(-2)?
4
Suppose -2*l - 4 = 4. Let m be (5 - 1)/(l - (5 + -8)). What is the tens digit of (-216)/(-15) + m/10?
1
Suppose 4 = -18*z + 14*z. Let j be (5 + z)/(2/(-89)). Let k = -95 - j. What is the tens digit of k?
8
Let z(i) = 795*i - 3635. What is the thousands digit of z(35)?
4
Suppose 0*a + 341 = a - 4*u, -3*a - u = -971. Let i = a - 254. What is the tens digit of i?
7
Let v(a) = a**3 + 15*a**2 + 33*a - 13. Let u be (14/4)/((-7)/14). What is the tens digit of v(u)?
4
Suppose -4*p + 17 + 19 = 0. What is the tens digit of (p - 93)/(1 + -3)?
4
Let m(p) = -19*p**3 + 3*p**2 + 11*p + 59. Let v be m(-5). Let z = v - 1210. What is the units digit of z?
4
Let k = 6401 - -16764. What is the units digit of k?
5
Suppose -2*t = -4*z - 0*z + 6064, -3042 = t - 4*z. Let m = -1788 - t. What is the units digit of m?
4
What is the tens digit of (-2)/3 + ((-834)/8)/(126/(-5656))?
7
Let a be (-2)/(4/(-2386)) - (6 - 4). Suppose 4*h - a = h. Suppose w - 5*n + 0*n - 139 = 0, 5*n = 3*w - h. What is the tens digit of w?
2
Let f be -6 + 6 + 1 + 402. What is the hundreds digit of 1*(-3 - -4) + f + 10?
4
What is the hundreds digit of (15/(-30))/(6/(-151188))?
5
Let d be (-4 - -6)*(-4991)/14. Let m = d + 744. What is the tens digit of m?
3
What is the ten thousands digit of (-170)/45 + 4 - 2797540/(-90)?
3
Suppose -55*c - 9355185 = -83*c - 125*c. What is the hundreds digit of c?
1
Let g(q) = 12*q**3 - 38*q**2 - 51*q + 84. Let u(r) = -4*r**3 + 13*r**2 + 17*r - 28. Let l(s) = 3*g(s) + 8*u(s). What is the thousands digit of l(8)?
1
Suppose 0 = -168*j - 74*j + 3187140. What is the units digit of j?
0
Suppose 3801 + 15089 = 3*c - 4*f, -4*c - 2*f + 25172 = 0. What is the hundreds digit of c?
2
Suppose -l - k - 1 = -2*l, -2*k + 2 = 2*l. Suppose -3*q = -8 - l. Suppose 132 = 4*o + 4*n, -o + q*n = o - 46. What is the tens digit of o?
2
Suppose 0 = -7*d + d + 18. Suppose 5*j + 699 = d*q, -2*q + 534 = j + 55. What is the units digit of q?
8
Suppose 0 = 3*q + m - 114395, 93*m + 28 = 89*m. What is the thousands digit of q?
8
What is the hundreds digit of (66/(-104))/((-3)/25068) - (-198)/1287?
3
Let a = 432 + -689. Let q = a - -488. What is the hundreds digit of q?
2
Let o(g) = 5*g - 20. Let b(p) = -3*p + 63. Let u be b(19). Let s be o(u). Suppose -3*d = -d - s, 54 = n - 5*d. What is the units digit of n?
9
Let z = 446 + -371. Suppose z*l + 52738 - 135688 = 0. What is the thousands digit of l?
1
Let a(d) = d**3 - 5*d**2 + 4*d - 12. Let s be a(5). Let g be -7*s/7*-1. What is the units digit of (196/g)/(2/4)?
9
Let f(z) = 18*z - 4 - 5 + 5*z. Let i = 21 - 17. What is the tens digit of f(i)?
8
Let a(k) = 4*k + 55. Let r be a(-10). Suppose 3*s + x - 928 = 0, 0 = r*x - 10*x - 5. What is the units digit of s?
9
Suppose 1249 = -3*d + d + 3*n, 2*n = -d - 614. Let q = -112 - d. What is the units digit of q?
8
Let a = 1762 + -512. What is the thousands digit of a?
1
Suppose -7 + 15 = 4*f. Suppose 2*b + 3*h + 1397 = 6*b, 0 = -f*b - 3*h + 721. Suppose q - b = -5*r, -r = -0*r + 5*q - 85. What is the units digit of r?
0
Suppose 2*p - 4*w = -386, 3*p - 3*w = -p - 752. Let i = p + 531. What is the tens digit of i?
4
Let a(u) = -u**2 + 22*u - 61. Let v be a(19). What is the hundreds digit of 1 + (-4 - -161) + v?
1
Let r be (-256)/80*(21 - 1). Let s = 64 + r. Suppose -6*a = -3*z - a + 275, s = -2*z - 5*a + 150. What is the tens digit of z?
8
Suppose -5*b + 4*o = -32, -3*b + 3 + 27 = 3*o. Suppose -4*g + 4 = -b. Suppose -4*r = 20, 2*m + r - 200 = -g*r. What is the hundreds digit of m?
1
Let f = 334 - 61. Suppose 20 = -f*q + 277*q. Suppose g + g = -q*d + 289, 164 = g - 4*d. What is the units digit of g?
2
Let j be (-3)/(15/(-5)) - -89. Suppose -53*v = -50*v - j. What is the units digit of (v/(-3))/(2 - (-432)/(-212))?
5
Suppose 3*j - 12054 = 3*n, 0 = -2*n - 14 + 20. What is the units digit of j?
1
Suppose 0 = 2*c - 14, 0 = -4*n + 128*c - 125*c + 153575. What is the units digit of n?
9
Suppose 272097 = 52*s - 179835. What is the hundreds digit of s?
6
Let s(m) = -36*m**3 + 2*m**2 + 5*m + 3. Let n = -299 + 297. What is the tens digit of s(n)?
8
Let w(r) = 865*r**2 - 51*r + 2. What is the units digit of w(-4)?
6
Let a(o) = 3871*o - 291. Let g be a(5). Suppose 37*z - g - 40210 = 0. What is the thousands digit of z?
1
Suppose 3*h + h = 0. Let j(q) = q**2 - 2*q + 60. Let i be j(h). Let m = 106 + i. What is the hundreds digit of m?
1
Let k = 1 + 1. Suppose u = 2*m + 2, 4*u - k*m - 17 = -3*m. What is the units digit of 13 - (u - 1 - 5)?
5
Suppose -4*o = 73 + 71. Let w = o - -55. What is the tens digit of w*-2*(-3)/6*1?
1
Suppose -15*h - 786 - 2454 = 0. Let x = h - -276. What is the tens digit of x?
6
Suppose 0 = 9*m - 10*m - 6. Let f(o) = 6*o**2 - 21*o - 4. What is the hundreds digit of f(m)?
3
Let x(w) = 2*w**2 - 4*w + 7. Let d be x(-4). Suppose d = -12*j - 17. What is the units digit of 1166/4 - (j/(-4))/(-3)?
2
Suppose y - 96 = -7*y. Suppose g = -3*g + y. Suppose -f + 7 - g = 0. What is the units digit of f?
4
Suppose 485*g = 601376 + 21849. What is the hundreds digit of g?
2
Suppose -320364 = 639*v - 675*v. What is the hundreds digit of v?
8
Let j(l) = 4*l**2 - 27*l + 20. Let q be j(6). Suppose